{"id":4,"date":"2018-01-30T08:52:57","date_gmt":"2018-01-30T08:52:57","guid":{"rendered":"http:\/\/heilpraktikerpsychotherapie-rheinsieg.de\/?page_id=4"},"modified":"2022-11-03T23:10:15","modified_gmt":"2022-11-03T23:10:15","slug":"ueber-mich","status":"publish","type":"page","link":"https:\/\/heilpraktikerpsychotherapie-rheinsieg.de\/?page_id=4","title":{"rendered":"\u00dcber mich"},"content":{"rendered":"<div class=\"wp-block-image is-style-rounded\">\n<figure class=\"alignleft size-large is-resized\"><img loading=\"lazy\" decoding=\"async\" src=\"https:\/\/heilpraktikerpsychotherapie-rheinsieg.de\/wp-content\/uploads\/2022\/10\/IMG-20221002-WA0019-1-820x1024.jpg\" alt=\"\" class=\"wp-image-241\" width=\"294\" height=\"367\" srcset=\"https:\/\/heilpraktikerpsychotherapie-rheinsieg.de\/wp-content\/uploads\/2022\/10\/IMG-20221002-WA0019-1-820x1024.jpg 820w, https:\/\/heilpraktikerpsychotherapie-rheinsieg.de\/wp-content\/uploads\/2022\/10\/IMG-20221002-WA0019-1-240x300.jpg 240w, https:\/\/heilpraktikerpsychotherapie-rheinsieg.de\/wp-content\/uploads\/2022\/10\/IMG-20221002-WA0019-1-768x960.jpg 768w, https:\/\/heilpraktikerpsychotherapie-rheinsieg.de\/wp-content\/uploads\/2022\/10\/IMG-20221002-WA0019-1.jpg 1018w\" sizes=\"auto, (max-width: 294px) 100vw, 294px\" \/><\/figure>\n<\/div>\n\n\n<div class=\"wp-block-group\"><div class=\"wp-block-group__inner-container is-layout-constrained wp-block-group-is-layout-constrained\">\n<div class=\"bcc-column-cont row mceNonEditable\">\n<p style=\"text-align: justify;\"><span class=\"bcc-remove-row mceNonEditable\">Remove the row<\/span><\/p>\n<figure>\u00a0 \u00a0 \u00a0 \u00a0 \u00a0 \u00a0 \u00a0 \u00a0 \u00a0 \u00a0 \u00a0 \u00a0 \u00a0<img loading=\"lazy\" decoding=\"async\" class=\"alignnone wp-image-63\" src=\"https:\/\/heilpraktikerpsychotherapie-rheinsieg.de\/wp-content\/uploads\/2018\/06\/vfp_logo2-300x300.gif\" alt=\"\" width=\"285\" height=\"285\" srcset=\"https:\/\/heilpraktikerpsychotherapie-rheinsieg.de\/wp-content\/uploads\/2018\/06\/vfp_logo2-300x300.gif 300w, https:\/\/heilpraktikerpsychotherapie-rheinsieg.de\/wp-content\/uploads\/2018\/06\/vfp_logo2-150x150.gif 150w, https:\/\/heilpraktikerpsychotherapie-rheinsieg.de\/wp-content\/uploads\/2018\/06\/vfp_logo2-768x768.gif 768w, https:\/\/heilpraktikerpsychotherapie-rheinsieg.de\/wp-content\/uploads\/2018\/06\/vfp_logo2-1024x1024.gif 1024w\" sizes=\"auto, (max-width: 285px) 100vw, 285px\" \/><\/figure>\n<div class=\"bcc-column col-lg-9 col-md-9 col-sm-12 col-xs-12\">\n<p class=\"label mceNonEditable\">Column: 1<\/p>\n<p>\u00a0<\/p>\n<p style=\"text-align: justify;\">Um Ihnen die M\u00f6glichkeit eines Vorab-Bildes zu geben, m\u00f6chte ich mich kurz vorstellen.<br \/>Ich wurde im Jahr 1966 geboren und habe \u00fcber 35 Jahre Berufserfahrung in einer gro\u00dfen Organisation &#8211; davon lange in F\u00fchrungsverantwortung. <br \/>Ich bin der \u00dcberzeugung, von fast allen Themen des Lebens schon in irgendeiner Weise geh\u00f6rt zu haben. Tabubereiche kenne ich nicht.<br \/>Ich habe bisher eine Vielzahl unterschiedlicher Menschen kennen lernen d\u00fcrfen. Darunter waren nicht wenige, die psychisch erkrankt waren oder unter psychischen St\u00f6rungen litten. Darunter fanden sich Depressionen, \u00c4ngste und Phobien, Lebenskrisen und vieles mehr.<br \/>Manchmal war auch \u201enur\u201c der pers\u00f6nliche Blick \u201everstellt\u201c, wodurch neue Wege oder Wege-Gabelungen nicht erkannt werden konnten.<br \/><br \/>Aufgrund eigener Erfahrungen wurde mir dar\u00fcber hinaus selbst deutlich gemacht, wie fragil die Psyche sein kann. Alle diese Erlebnisse und Eindr\u00fccke weckten das ohnehin bereits durch mein Studium vorhandene Interesse an der Psyche des Menschen und die damit oftmals zusammenh\u00e4ngenden Befindlichkeiten, Wahrnehmungen, Beschwerden und Erkrankungen mehr und mehr.<br \/>Gleichzeitig wuchs der Wunsch in mir, im Rahmen meiner M\u00f6glichkeiten Betroffenen helfen zu k\u00f6nnen und sie ein St\u00fcck weit des Weges begleiten zu d\u00fcrfen.<br \/>So habe ich mich in der Folge weitergebildet und mich der \u00dcberpr\u00fcfung durch das Gesundheitsamt der Stadt K\u00f6ln unterzogen. Seit Mai 2016 bin ich Heilpraktiker (Psychotherapie).<br \/><br \/>Da ich bestrebt bin, immer auf dem aktuellen Wissensstand zu sein, sind regelm\u00e4\u00dfige Weiterbildungen f\u00fcr mich eine berufliche Selbstverst\u00e4ndlichkeit.<\/p>\n<p style=\"text-align: justify;\">Ich bin Mitglied im Verband freier Psychotherapeuten, Heilpraktiker f\u00fcr Psychotherapie und Psychologischer Berater e.V. (VFP e.V.)<\/p>\n<figure><\/figure>\n<p>\u00a0<\/p>\n<p><strong>Ausbildungen:<\/strong><\/p>\n<ul>\n<li>Ausbildung zum Paar- und Sexualtherapeuten (IEK, K\u00f6ln, 2022)<\/li>\n<li>Ausbildung zur Kriseninterventionsfachkraft\/zum Notfallseelsorger (2021)<\/li>\n<li>Weiterbildungen in Medizinischer Hypnose bezogen auf \u00c4ngste, Traumata, Phobien, Zw\u00e4nge, Essst\u00f6rungen (TherMedius, K\u00f6ln, 2017)<\/li>\n<li>Weiterbildung in EMDR (Eye Movement Desensitization and Reprocessing) (TherMedius, K\u00f6ln, 2016\/2022)<\/li>\n<li>Grundausbildung in Hypnose (TherMedius, Essen, 2016)<\/li>\n<li>Weiterbildung in der Klientenzentrierten Gespr\u00e4chsf\u00fchrung nach Carl Rogers (Globuliwelt K\u00f6ln, 2016)<\/li>\n<li>2016 Zulassung als Heilpraktiker (Psychotherapie) durch das Gesundheitsamt K\u00f6ln<\/li>\n<li>2014 \u2013 2016 Vorbereitung auf die Pr\u00fcfung zum Heilpraktiker (Psychotherapie)<\/li>\n<li>1992 Diplom Staatswissenschaftler (univ)<\/li>\n<\/ul>\n<\/div>\n<div class=\"bcc-column col-lg-3 col-md-3 col-sm-12 col-xs-12\">\n<p class=\"label mceNonEditable\">Column: 2<\/p>\n<\/div>\n<div class=\"clearfix mceNonEditable\">\u00a0<\/div>\n<\/div>\n<\/div><\/div>\n","protected":false},"excerpt":{"rendered":"<div class=\"slide-text-bg2\"><span>Remove the row \u00a0 \u00a0 \u00a0 \u00a0 \u00a0 \u00a0 \u00a0 \u00a0 \u00a0 \u00a0 \u00a0 \u00a0 \u00a0 Column: 1 \u00a0 Um Ihnen die M\u00f6glichkeit eines Vorab-Bildes zu geben, m\u00f6chte ich mich kurz vorstellen.<\/span><\/div>\n<div class=\"slide-btn-area-sm\"><a href=\"https:\/\/heilpraktikerpsychotherapie-rheinsieg.de\/?page_id=4\" class=\"slide-btn-sm\">weiterlesen<\/a><\/div>\n","protected":false},"author":1,"featured_media":0,"parent":0,"menu_order":0,"comment_status":"closed","ping_status":"closed","template":"","meta":{"footnotes":""},"class_list":["post-4","page","type-page","status-publish","hentry"],"_links":{"self":[{"href":"https:\/\/heilpraktikerpsychotherapie-rheinsieg.de\/index.php?rest_route=\/wp\/v2\/pages\/4","targetHints":{"allow":["GET"]}}],"collection":[{"href":"https:\/\/heilpraktikerpsychotherapie-rheinsieg.de\/index.php?rest_route=\/wp\/v2\/pages"}],"about":[{"href":"https:\/\/heilpraktikerpsychotherapie-rheinsieg.de\/index.php?rest_route=\/wp\/v2\/types\/page"}],"author":[{"embeddable":true,"href":"https:\/\/heilpraktikerpsychotherapie-rheinsieg.de\/index.php?rest_route=\/wp\/v2\/users\/1"}],"replies":[{"embeddable":true,"href":"https:\/\/heilpraktikerpsychotherapie-rheinsieg.de\/index.php?rest_route=%2Fwp%2Fv2%2Fcomments&post=4"}],"version-history":[{"count":57,"href":"https:\/\/heilpraktikerpsychotherapie-rheinsieg.de\/index.php?rest_route=\/wp\/v2\/pages\/4\/revisions"}],"predecessor-version":[{"id":314,"href":"https:\/\/heilpraktikerpsychotherapie-rheinsieg.de\/index.php?rest_route=\/wp\/v2\/pages\/4\/revisions\/314"}],"wp:attachment":[{"href":"https:\/\/heilpraktikerpsychotherapie-rheinsieg.de\/index.php?rest_route=%2Fwp%2Fv2%2Fmedia&parent=4"}],"curies":[{"name":"wp","href":"https:\/\/api.w.org\/{rel}","templated":true}]}}

Über mich

<div class="wp-block-image is-style-rounded">
<figure class="alignleft size-large is-resized"><img loading="lazy" decoding="async" src="https://heilpraktikerpsychotherapie-rheinsieg.de/wp-content/uploads/2022/10/IMG-20221002-WA0019-1-820x1024.jpg" alt="" class="wp-image-241" width="294" height="367" srcset="https://heilpraktikerpsychotherapie-rheinsieg.de/wp-content/uploads/2022/10/IMG-20221002-WA0019-1-820x1024.jpg 820w, https://heilpraktikerpsychotherapie-rheinsieg.de/wp-content/uploads/2022/10/IMG-20221002-WA0019-1-240x300.jpg 240w, https://heilpraktikerpsychotherapie-rheinsieg.de/wp-content/uploads/2022/10/IMG-20221002-WA0019-1-768x960.jpg 768w, https://heilpraktikerpsychotherapie-rheinsieg.de/wp-content/uploads/2022/10/IMG-20221002-WA0019-1.jpg 1018w" sizes="auto, (max-width: 294px) 100vw, 294px" /></figure>
</div>


<div class="wp-block-group"><div class="wp-block-group__inner-container is-layout-constrained wp-block-group-is-layout-constrained">
<div class="bcc-column-cont row mceNonEditable">
<p style="text-align: justify;"><span class="bcc-remove-row mceNonEditable">Remove the row</span></p>
<figure>                         <img loading="lazy" decoding="async" class="alignnone wp-image-63" src="https://heilpraktikerpsychotherapie-rheinsieg.de/wp-content/uploads/2018/06/vfp_logo2-300x300.gif" alt="" width="285" height="285" srcset="https://heilpraktikerpsychotherapie-rheinsieg.de/wp-content/uploads/2018/06/vfp_logo2-300x300.gif 300w, https://heilpraktikerpsychotherapie-rheinsieg.de/wp-content/uploads/2018/06/vfp_logo2-150x150.gif 150w, https://heilpraktikerpsychotherapie-rheinsieg.de/wp-content/uploads/2018/06/vfp_logo2-768x768.gif 768w, https://heilpraktikerpsychotherapie-rheinsieg.de/wp-content/uploads/2018/06/vfp_logo2-1024x1024.gif 1024w" sizes="auto, (max-width: 285px) 100vw, 285px" /></figure>
<div class="bcc-column col-lg-9 col-md-9 col-sm-12 col-xs-12">
<p class="label mceNonEditable">Column: 1</p>
<p> </p>
<p style="text-align: justify;">Um Ihnen die Möglichkeit eines Vorab-Bildes zu geben, möchte ich mich kurz vorstellen.<br />Ich wurde im Jahr 1966 geboren und habe über 35 Jahre Berufserfahrung in einer großen Organisation &#8211; davon lange in Führungsverantwortung. <br />Ich bin der Überzeugung, von fast allen Themen des Lebens schon in irgendeiner Weise gehört zu haben. Tabubereiche kenne ich nicht.<br />Ich habe bisher eine Vielzahl unterschiedlicher Menschen kennen lernen dürfen. Darunter waren nicht wenige, die psychisch erkrankt waren oder unter psychischen Störungen litten. Darunter fanden sich Depressionen, Ängste und Phobien, Lebenskrisen und vieles mehr.<br />Manchmal war auch „nur“ der persönliche Blick „verstellt“, wodurch neue Wege oder Wege-Gabelungen nicht erkannt werden konnten.<br /><br />Aufgrund eigener Erfahrungen wurde mir darüber hinaus selbst deutlich gemacht, wie fragil die Psyche sein kann. Alle diese Erlebnisse und Eindrücke weckten das ohnehin bereits durch mein Studium vorhandene Interesse an der Psyche des Menschen und die damit oftmals zusammenhängenden Befindlichkeiten, Wahrnehmungen, Beschwerden und Erkrankungen mehr und mehr.<br />Gleichzeitig wuchs der Wunsch in mir, im Rahmen meiner Möglichkeiten Betroffenen helfen zu können und sie ein Stück weit des Weges begleiten zu dürfen.<br />So habe ich mich in der Folge weitergebildet und mich der Überprüfung durch das Gesundheitsamt der Stadt Köln unterzogen. Seit Mai 2016 bin ich Heilpraktiker (Psychotherapie).<br /><br />Da ich bestrebt bin, immer auf dem aktuellen Wissensstand zu sein, sind regelmäßige Weiterbildungen für mich eine berufliche Selbstverständlichkeit.</p>
<p style="text-align: justify;">Ich bin Mitglied im Verband freier Psychotherapeuten, Heilpraktiker für Psychotherapie und Psychologischer Berater e.V. (VFP e.V.)</p>
<figure></figure>
<p> </p>
<p><strong>Ausbildungen:</strong></p>
<ul>
<li>Ausbildung zum Paar- und Sexualtherapeuten (IEK, Köln, 2022)</li>
<li>Ausbildung zur Kriseninterventionsfachkraft/zum Notfallseelsorger (2021)</li>
<li>Weiterbildungen in Medizinischer Hypnose bezogen auf Ängste, Traumata, Phobien, Zwänge, Essstörungen (TherMedius, Köln, 2017)</li>
<li>Weiterbildung in EMDR (Eye Movement Desensitization and Reprocessing) (TherMedius, Köln, 2016/2022)</li>
<li>Grundausbildung in Hypnose (TherMedius, Essen, 2016)</li>
<li>Weiterbildung in der Klientenzentrierten Gesprächsführung nach Carl Rogers (Globuliwelt Köln, 2016)</li>
<li>2016 Zulassung als Heilpraktiker (Psychotherapie) durch das Gesundheitsamt Köln</li>
<li>2014 – 2016 Vorbereitung auf die Prüfung zum Heilpraktiker (Psychotherapie)</li>
<li>1992 Diplom Staatswissenschaftler (univ)</li>
</ul>
</div>
<div class="bcc-column col-lg-3 col-md-3 col-sm-12 col-xs-12">
<p class="label mceNonEditable">Column: 2</p>
</div>
<div class="clearfix mceNonEditable"> </div>
</div>
</div></div>

<div class="slide-text-bg2"><span>Remove the row                           Column: 1   Um Ihnen die Möglichkeit eines Vorab-Bildes zu geben, möchte ich mich kurz vorstellen.</span></div>
<div class="slide-btn-area-sm"><a href="https://heilpraktikerpsychotherapie-rheinsieg.de/?page_id=4" class="slide-btn-sm">weiterlesen</a></div>
